se 3, what is -10020022 + 1220?
-10011102
In base 16, what is -ec + -2ff0d?
-2fff9
In base 12, what is -1b70a5b - 5?
-1b70a64
In base 16, what is 2dd4 - -52?
2e26
In base 11, what is 3 - 406559a3?
-406559a0
In base 3, what is 11010 + 10011211202?
10011222212
In base 4, what is -1 - -1113122331?
1113122330
In base 9, what is -152 - 2140?
-2302
In base 13, what is -3c06120 + -4?
-3c06124
In base 9, what is 3 - -852631?
852634
In base 3, what is 1 + 1212110210020201?
1212110210020202
In base 11, what is 3 - 889a4?
-889a1
In base 10, what is -728 - 439?
-1167
In base 16, what is -10 - -1d425d1?
1d425c1
In base 13, what is -c636 - 5376?
-149ac
In base 10, what is 580 + 1216?
1796
In base 16, what is 22051e - 1?
22051d
In base 5, what is 3102434 + -20?
3102414
In base 6, what is -141101415 + -242?
-141102101
In base 15, what is -6 + -43de95?
-43de9b
In base 16, what is -24287 - -bd?
-241ca
In base 11, what is -14413747 - -5?
-14413742
In base 15, what is -4e616 - 2?
-4e618
In base 15, what is 16a + 47329?
47494
In base 13, what is 5c0 - -b749a?
b7a8a
In base 8, what is -15735 + 101?
-15634
In base 4, what is -1233321101100 + 23?
-1233321101011
In base 12, what is 6 + 259032b6?
25903300
In base 4, what is 13102332313303 - 0?
13102332313303
In base 11, what is a - -159a1a?
159a29
In base 4, what is 221101220 + -1022?
221100132
In base 12, what is -12219 - -aa?
-1212b
In base 16, what is -1 + -245622?
-245623
In base 12, what is -a67283 + 2a?
-a67255
In base 10, what is 36841164 - -3?
36841167
In base 3, what is -1121020120221 + 100210?
-1121020020011
In base 9, what is 3 - 5026648?
-5026645
In base 16, what is -27be2 - -569?
-27679
In base 4, what is -123210032 + 220?
-123203212
In base 3, what is -22100002012221112 + 11?
-22100002012221101
In base 13, what is 1b8b - 771?
141a
In base 6, what is 2051531545 - 3?
2051531542
In base 13, what is b3 - 1b6730?
-1b664a
In base 9, what is -5606071 + 6?
-5606064
In base 11, what is -11639 - -a1a?
-1071a
In base 2, what is -100111111111101101001 - 110?
-100111111111101101111
In base 5, what is -23002441341 - -1?
-23002441340
In base 11, what is 5 + -641027?
-641022
In base 4, what is -10 + 201010303312?
201010303302
In base 3, what is -20202002 + 11211?
-20120021
In base 8, what is -252601 - 165?
-252766
In base 15, what is -1a9a87 + b?
-1a9a7b
In base 10, what is -1514 - -16518?
15004
In base 9, what is -84643 - -402?
-84241
In base 2, what is 11100101100010000 + 100110?
11100101100110110
In base 15, what is 4b58da3 - -1?
4b58da4
In base 11, what is -77a73a - 125?
-77a864
In base 7, what is -210425 - 5111?
-215536
In base 5, what is 13431342 - 4233?
13422104
In base 5, what is -244 + 44304302?
44304003
In base 2, what is -10 + 1010010001000100000110?
1010010001000100000100
In base 10, what is 2131228417 - -5?
2131228422
In base 13, what is c5 + c8c010?
c8c105
In base 2, what is -110100101001100001001110 - 1?
-110100101001100001001111
In base 5, what is 4 - 133234031?
-133234022
In base 15, what is -1 + 18d5bab?
18d5baa
In base 3, what is 1010021 - 22222?
210022
In base 3, what is 200 - 110010120010?
-110010112110
In base 13, what is -b3a3bb9 + 5?
-b3a3bb4
In base 10, what is -100 + 479421?
479321
In base 14, what is c6 + 17090?
17176
In base 13, what is 4 + -207b3479?
-207b3475
In base 13, what is 1a53b16 + 2?
1a53b18
In base 8, what is -1217512 - 4?
-1217516
In base 6, what is 3 + 10013204505?
10013204512
In base 16, what is -2fd25 - -19df?
-2e346
In base 9, what is -640720 + -21?
-640741
In base 5, what is -41 + 10400302?
10400211
In base 14, what is -798c65 + 3?
-798c62
In base 16, what is 0 + e6898c?
e6898c
In base 10, what is -745 + 5136?
4391
In base 8, what is 26032 + -52302?
-24250
In base 7, what is -252 + -261442?
-262024
In base 4, what is -223332113 + 100202?
-223231311
In base 15, what is -66b - -7a80?
7414
In base 7, what is 641 + 11261?
12232
In base 13, what is 1849 + 37b3?
532c
In base 3, what is -1121221200011120 + 11?
-1121221200011102
In base 12, what is -1115 - 140b?
-2524
In base 3, what is -110000221200100 - -2?
-110000221200021
In base 9, what is 13110 - 482?
12517
In base 8, what is -15 + -13366712?
-13366727
In base 13, what is 2306 - -30c6?
53cc
In base 16, what is d198 + -265?
cf33
In base 8, what is 3126 - -2205?
5333
In base 10, what is -155 - 79439?
-79594
In base 10, what is 115 - 630872?
-630757
In base 6, what is -5140 - -4124550?
4115410
In base 13, what is 5 - 36b796?
-36b791
In base 6, what is -1 - 3355305441?
-3355305442
In base 14, what is -5 + -ba43cc9?
-ba43cd0
In base 7, what is 36 - -1046245?
1046314
In base 7, what is -4 - 4643215002?
-4643215006
In base 11, what is -64 + -235154?
-235208
In base 4, what is -1101131302 - 211100?
-1102003002
In base 15, what is -27c0 - 9266?
-ba36
In base 15, what is -7d91 - 2709?
-a59a
In base 11, what is 45a5860 - a?
45a5851
In base 16, what is -1 + -1572f28?
-1572f29
In base 12, what is -459250b - -10?
-45924bb
In base 14, what is 3 + 88928?
8892b
In base 11, what is 73328 - 30?
732a8
In base 7, what is 122235 + 30?
122265
In base 14, what is 37dd8b - 2?
37dd89
In base 12, what is -16431a + -862?
-164b80
In base 14, what is -1 - 314785c9?
-314785ca
In base 4, what is 3211200130233 - -13?
3211200130312
In base 6, what is -20131 - 14001?
-34132
In base 13, what is 870a + 4a26?
10433
In base 8, what is 115556116 + -3?
115556113
In base 12, what is -b + 10a0357?
10a0348
In base 15, what is -165179 + a?
-16516e
In base 15, what is -7697 + ca?
-75bc
In base 3, what is -2212101011 - 10201?
-2212111212
In base 12, what is 50a + 17b7?
2105
In base 9, what is -206 - -1475221?
1475014
In base 14, what is -57a - 4ddc5?
-50561
In base 8, what is -26447 - -1416?
-25031
In base 11, what is -17a251 - -57?
-17a1a5
In base 3, what is 1210212 - 21222210011?
-21220222022
In base 16, what is 7403 + 69d?
7aa0
In base 5, what is 23 - -2321043234?
2321043312
In base 7, what is 624333 - 405?
623625
In base 10, what is -2343 - -5964?
3621
In base 5, what is 2 + 103331344334?
103331344341
In base 8, what is -2 + 7210414?
7210412
In base 2, what is -1011001010 + 1011100100000?
1010001010110
In base 13, what is 7 - 3ac334?
-3ac32a
In base 12, what is 195aa5 - -3b?
195b24
In base 15, what is a7964 + -12?
a7952
In base 3, what is -1020221000002 - -22?
-1020220222210
In base 11, what is -346815 + -9?
-346823
In base 6, what is -21 - 255041341?
-255041402
In base 16, what is 20 + 59fb79?
59fb99
In base 9, what is -561031050 - 1?
-561031051
In base 13, what is -1 + 7470292?
7470291
In base 7, what is -61104403 - 56?
-61104462
In base 15, what is -4774a0 + -4b?
-4774eb
In base 12, what is 4 - -375ab130?
375ab134
In base 6, what is -114013332051 + 5?
-114013332042
In base 13, what is -12318 - 1b3?
-124cb
In base 5, what is -30310022 - 312?
-30310334
In base 6, what is -4 - -302035405?
302035401
In base 3, what is -2001 + 1001211000002?
1001210221001
In base 5, what is -42 + 1112300331?
1112300234
In base 6, what is 21420010 + 5?
21420015
In base 13, what is -4 - 2320c63?
-2320c67
In base 11, what is 83 - 307a63?
-307990
In base 3, what is -1 - 200021112010?
-200021112011
In base 7, what is 120154 + 326?
120513
In base 6, what is 4233420 - 30?
4233350
In base 5, what is -442 - -1212340?
1211343
In base 12, what is 198 + 16a13?
16bab
In base 15, what is -2 - -159ee7c?
159ee7a
In base 4, what is 3030202223 - 201?
3030202022
In base 6, what is 125211125 + -23?
125211102
In base 14, what is 96c75 + -4?
96c71
In base 4, what is -2321130 - -21310?
-2233220
In base 3, what is 10000011 + -121112101?
-111112020
In base 16, what is 4 - 85fda?
-85fd6
In base 4, what is 100002322300130 + 10?
100002322300200
In base 7, what is -1135666 + 1556?
-1134110
In base 13, what is 1b362 - -4b2?
1b844
In base 4, what is -213100201 - 110120?
-213210321
In base 15, what is -177c0ad + -5?
-177c0b3
In base 8, what is -2140324 + -7?
-2140333
In base 5, what is 1032014301304 + 10?
1032014301314
In base 12, what is -4 - -a6993?
a698b
In base 9, what is 4 - 133013566?
-133013562
In base 14, what is -617 + -9c41?
-a458
In base 2, what is -100000111101000011001 - 0?
-100000111101000011001
In base 7, what is 1201046321 - 2?
1201046316
In base 5, what is 242232333 + 144?
242233032
In base 14, what